 - 2145. Let o(c) = -100*c**3 + 3*c + 3. Let v be o(-2). Let p = u + v. Is p a prime number?
False
Suppose 4*g - p = -5, 2*p - 15 = -p. Let r(h) = h**2 + h + 33. Is r(g) composite?
True
Let l(w) be the second derivative of 1/6*w**3 + 0 + 87/2*w**2 - 4*w + 1/12*w**4. Is l(0) a prime number?
False
Suppose 7307 = 6*i - 82975. Is i a composite number?
True
Let c = 6 + 8. Suppose -3*j = p - c, -j - 1 = -4. Let x = 48 + p. Is x composite?
False
Let h(i) = i**3 + 19*i**2 + 13*i - 9. Let n(l) = -2*l**3 - 37*l**2 - 25*l + 19. Let x(r) = 5*h(r) + 3*n(r). Let w be x(-14). Let f = 358 + w. Is f prime?
False
Suppose 13*v - 165 = 8*v. Let w = v + -144. Let t = w + 245. Is t prime?
False
Let k(p) = 266*p**2 - 8*p + 16. Let h be k(6). Suppose -15*f + h = -7*f. Is f prime?
True
Is ((-82)/(-6)*-3)/((-4)/284) prime?
False
Suppose -m + 6900 = 5*t, -2*t + 1215 = -m - 1552. Is t a composite number?
False
Let z = -2 - -5. Suppose 6*f - 15 = z*f. Suppose 2*r = 5*i - 2*i - 569, f*r = 3*i - 563. Is i a composite number?
False
Let x(n) = 7*n + 44. Let l be x(-6). Suppose 4*g - l*s - 2446 = 0, 0 = 5*g + s + 3*s - 3051. Is g a prime number?
False
Suppose 52137 = 43*y - 16*y. Is y prime?
True
Suppose -76*y + 1491519 = -19*y. Is y composite?
True
Let g be (-30)/(-4) + (-12)/(-8). Let b(f) = -3349*f - 1581. Let n(k) = 36*k + 17. Let h(m) = 2*b(m) + 187*n(m). Is h(g) prime?
False
Suppose 0 = -5*m - 3*o + 12614, -3*m - 4*o + 4892 + 2683 = 0. Is m prime?
True
Let i(j) = j**2 - 16*j - 82. Is i(55) prime?
True
Let o be 47/2*(14 - -8). Suppose 5*b - 920 = -5*n, -2*n = -3*b + 2*n + o. Is b a composite number?
False
Let v(b) be the first derivative of 7*b**2/2 - 4*b + 3. Let u be v(9). Let m = u + -8. Is m prime?
False
Let l be (-24)/16*8/(-6). Let p be l*14*(-33)/(-44). Suppose -5*h + 42 = 3*i, -2*i - h + 14 = -p. Is i composite?
False
Suppose -4*u = 42*u - 678914. Is u prime?
True
Is (1*18266)/(-2 - -4) a composite number?
False
Let s be 4/6 + 19976/6. Suppose s = 5*f + 3*h + 524, -5*f - 5*h = -2800. Is f a prime number?
True
Suppose 2*n - 1933 - 2425 = 0. Is n a prime number?
True
Let u(d) be the first derivative of 2*d**3/3 + 5*d**2/2 - 7*d + 8. Is u(-6) a composite number?
True
Suppose 5*c - 4*z - 9659 = -8*z, c - z - 1930 = 0. Is c a composite number?
False
Suppose s - 5*q = -68, 0*q + 3*q - 230 = 5*s. Let v = s + 65. Is v composite?
True
Suppose 0 = -5*d + 6289 + 4056. Is d composite?
False
Suppose -4*p - p + 30 = 4*y, -4*y + 18 = -p. Let j = y - 0. Suppose -5*x + 3*u + 474 = 0, -j*x + u = -0*x - 468. Is x composite?
True
Let p = -10770 + 23668. Is p a composite number?
True
Let x = 90031 - 53740. Is x composite?
True
Let j(h) = -6*h**3 - h**3 + 4*h**2 - 4 - 2 + 11*h - h. Is j(-5) a prime number?
True
Let l(s) = 7*s**2 - 5*s + 4. Let p be l(15). Suppose -5*k - 5*z = -0*k - 1875, -4*k + p = 3*z. Is k a prime number?
True
Let i(j) = -j**3 - 6*j**2 + 6*j. Let d be i(-7). Let g be 3 - (-1 + d)/(-3). Suppose -b = -0*b + g*r - 213, 4*b = -r + 814. Is b composite?
True
Let q be -1 + (7 - (-3 - -7)). Suppose 0 = q*s + 3*s - y + 49, 11 = -s - y. Is (269/(-5))/(2/s) composite?
False
Let a be (-6)/4*(-1 + 3). Is 2/(-3) - 1205/a a composite number?
False
Suppose 609 = -5*o - 11941. Let u = o - -4375. Is u composite?
True
Let c(j) = j + 3. Let l be c(-5). Let d be 2 + 429 + l + 0. Let h = -176 + d. Is h composite?
True
Let v(f) be the first derivative of -4 - 1/2*f**2 - f + 12*f**3. Is v(1) a prime number?
False
Suppose -16 = a + a. Suppose 0 = -2*k + 3*z + 34, -2*z = k - 13 - 18. Let q = a + k. Is q a composite number?
True
Let x(l) = -232*l - 3. Let z be x(-1). Suppose k - 226 = z. Suppose 5*m - k = 800. Is m a prime number?
True
Let u(h) be the first derivative of 3*h**3 - 9*h**2/2 - 2*h + 6. Let s(z) = 10*z**2 - 10*z - 1. Let v(g) = -3*s(g) + 4*u(g). Is v(-4) prime?
False
Let s(m) = -m**2 - 8*m + 10. Let i be s(-9). Let p be 50/(-15) - i/(-3). Is 2/p + 1195/15 composite?
False
Suppose 0 = -u - 0*u + 7. Let p(y) = 10*y**2 - y**3 + 0*y**3 + 12 + 12 - 5*y - 23. Is p(u) composite?
False
Let h(q) = -q - 3. Let l be h(-12). Suppose 5*g - 11 = l. Suppose -3*z = -5*s - 175 - 186, 5*s + 488 = g*z. Is z a composite number?
False
Suppose -2*f = -h - 863, -2*f + 5*h + 409 = -f. Let v(a) = -a**2 - 13*a - 7. Let z be v(-7). Suppose 3*k = 0, -2*k = 3*g + z - f. Is g a composite number?
True
Let j(i) = -i**3 + 7*i**2 - 8*i + 39. Is j(-17) a prime number?
False
Suppose 12600 = 8*f - 3*f. Suppose f = 7*g + 651. Is g composite?
True
Suppose -3*y = -3, 3*i = 3*y - 0*y - 45. Let h = i - -18. Suppose 729 = 3*w + 3*l - 42, -l + h = 0. Is w a prime number?
False
Suppose 0*a + 2*a - 14 = -5*k, 3*a = 6. Suppose h = -2*x - 805, 3*x - 5*h + k*h + 1185 = 0. Let g = 819 + x. Is g a prime number?
True
Is (-123)/(-12)*37 + 7/(-28) a composite number?
False
Suppose -5*f + 47821 = -61974. Is f a composite number?
True
Let i(s) = -515*s - 147. Is i(-14) composite?
True
Suppose 3544*w - 104783 = 3537*w. Is w prime?
True
Let d(f) = -f**2 + 4*f - 3. Let y be d(4). Is (90 + y + 4)/1 a prime number?
False
Let c be -12*364*(-2)/(-6). Let r = c - -2605. Is r a prime number?
False
Let w(j) = 73*j + 25. Let o be w(7). Suppose 0 = 3*u - 5*r - 526, 4*u - 7*u - 5*r + o = 0. Is u a prime number?
False
Suppose 46122 = 3*m - c, 1312 = m - 3*c - 14070. Is m composite?
False
Let u(z) = 930*z - 121. Is u(7) a prime number?
True
Let u(z) = 3*z**3 - z**2 - 3*z - 1. Let h = 10 + -9. Let b(c) = -c**3 + c**2 - 1. Let f(w) = h*u(w) + 2*b(w). Is f(4) composite?
True
Is 99172/(-22)*(-176)/32 composite?
False
Let k(v) = 7*v - 1. Let r be k(-9). Let l = r + 68. Is l composite?
True
Is ((-59835)/30)/((15/6)/(-5)) prime?
True
Let s(b) = b**2 - 6*b - 5*b**3 + 6*b**3 - 1 + 3*b**2. Let h be s(-5). Suppose 1062 = h*t - 4*z + 2*z, -5*t - 5*z + 1290 = 0. Is t a composite number?
False
Let x = -14 - -19. Suppose d = -a + 1071, -7304 = -4*a + x*d - 3002. Is a a composite number?
True
Let s be 2 + -3*12/9. Is 3178/8 - s/(-8) a prime number?
True
Suppose 2*s + 2 = -2*g + 4, g - 11 = -3*s. Let o be 36/6*g/6. Is 2157 + o/((-4)/(-4)) composite?
False
Let t be 2/(-4)*1*-4. Suppose -19 = 3*n + t. Let y(d) = -5*d - 16. Is y(n) a composite number?
False
Suppose 2*k - 28001 = -v, 4*v + k + 2*k = 111994. Is v a prime number?
True
Let o = -3698 - -12381. Is o a composite number?
True
Let x(i) = -85*i - 141. Is x(-32) a composite number?
False
Let y(w) = 2777*w - 173. Is y(2) a composite number?
False
Let k(c) = -c**3 - c + 3. Let b be k(0). Let n(y) = 122*y**2 - 8*y + 3. Let m(r) = 41*r**2 - 3*r + 1. Let p(w) = -11*m(w) + 4*n(w). Is p(b) prime?
True
Suppose 1 = -v + 4*s - s, 2*s = 2. Suppose 4*k + 1006 = -3*z - 375, 0 = -2*z + v*k - 930. Let o = -248 - z. Is o prime?
False
Let a(r) = 5*r - 10. Suppose -5*b - 8 = -2*k, -6*k - 3*b = -k - 20. Suppose -6 = -k*d + 10. Is a(d) prime?
False
Suppose 354 + 118 = 2*y. Suppose -20 = 4*i, -b + 2 = 5*i - y. Is b a prime number?
True
Let i = 73 + 646. Is i prime?
True
Let u(y) = y**2 + 14*y + 31. Let w be u(-11). Is (-56232)/(-48) - (-1)/w a composite number?
False
Let v(w) = -69*w**3 - 3*w**2 - 3*w + 11. Is v(-4) composite?
False
Is (-59545)/(-5) - (18 - 10) prime?
False
Let d(j) be the first derivative of 3*j**3 - 9*j**2/2 - 14*j + 3. Is d(12) a prime number?
False
Suppose 3*m - 788 = 580. Suppose -5*i = -m - 514. Is i a prime number?
False
Is (-659785)/(-63) + (-6)/(-27) composite?
True
Let a = 631 - 269. Let n = -177 + a. Is n a composite number?
True
Let r(c) = c**2 + 60*c + 50069. Is r(0) composite?
False
Suppose -45 = 4*t + 39. Let s be (-2)/(-7) + (-36)/t. Suppose 1004 = 4*k - 5*f, s*k - k - 251 = f. Is k prime?
True
Suppose 26 = l + 4*l - 2*v, 4*l - v = 19. Suppose l*j = 1745 - 237. Is j a prime number?
False
Suppose 2*h = x + 5*h - 3, -x - 5*h = -1. Let d = -11 - -5. Is (52/x)/(d/(-45)) a prime number?
False
Suppose 0 = 3*d - 2 + 8, -d = 4*b - 59594. Is b composite?
True
Suppose 4*z + 348 = 3*q, -4*q + 142 = -4*z - 318. Suppose 2152 = 4*c - 2*k, -c + 2*k + 0*k = -532. Suppose -q = -4*t + c. Is t a composite number?
False
Let j(q) = -4*q**3 - 3*q**2 - 8*q - 4. Let t be j(-5). Suppose -p + 226 = x, 4*p - t = -2*x - 3. Is x a prime number?
True
Let q be 3 + (1 - 1) - 2. Let u be q - (-5 + 3) - -1. Suppose -u*c + 95 = -1